st derivative of -q**4/2 + 2*q**3/3 + q**2 - 3*q - 39. Determine k(o).
-7
Let k(x) = x - 63. Let u(g) = -g + 11. Let z(f) = -k(f) - 4*u(f). Give z(-7).
-2
Suppose -5*f = -3*j - 93 - 54, -5*j + 5 = 0. Let p be 2/(-6) + f/9. Let a(y) = 9 + y - 14 + y**2 + y + 9 - y**3. Give a(p).
-8
Let y(n) = -6*n**3 + 4*n**2 + n - 3. Let b(z) = -5*z**3 + 4*z**2 + z - 2. Suppose 3*g = 5*x - 24, 44 - 12 = 5*x + g. Let o(v) = x*y(v) - 7*b(v). Give o(-4).
0
Let j(m) = m. Let c(i) = -3*i + 17. Let b(r) = -2*r**3 + 17*r**2 + 10*r - 5. Let f be b(9). Let u be c(f). Give j(u).
5
Let t(w) = 3*w**2 + 4 + 76*w**3 + 70*w**3 + 80*w**3 + 3*w - 225*w**3. What is t(-3)?
-5
Suppose d - 12 = -11. Let z(p) = p**3 - 3*p**2 - 4*p + 2. Let w be z(4). Let v(m) = 6*m**2 + m + 2*m**w - m**2. Determine v(d).
8
Let v(c) = -c**3 + 19*c**2 - 12*c - 36. Let t be v(18). Let g be (t/27)/(1*2/3). Let m(j) = j**2 - 2*j - 1. Give m(g).
7
Let z(q) = -q**3 + 21*q**2 - 19*q - 17. Let c be z(20). Suppose 0 = c*j + 7 - 10. Let o(n) = -4*n + 4*n - j - n - 1. Determine o(-7).
5
Let c(g) = g**3 + g - 1. Let k = 15 + -9. Let l be k/(-21) - 32/(-14). Suppose 6*y - 4 = l*y. Give c(y).
1
Let l(c) = c - 8. Suppose 0*i = -4*i + 12. Suppose 0 = i*w + 3*b - 21, b = -w + 5*b + 2. Give l(w).
-2
Let y(i) = -i - 4 - 3*i**3 - 109*i**2 + 0*i + 115*i**2 + 2*i**3. Calculate y(4).
24
Let n(s) = s + 1. Suppose -2*p + 5*p - 9 = 0. Let g be n(p). Let d be g/(-1)*2/(-8). Let a(b) = -5*b - 1. What is a(d)?
-6
Let t(g) = -14*g + 13. Let k(s) = s**2 - s + 1. Let y(r) = -k(r) - t(r). Calculate y(13).
12
Let z(a) = -a**2 - 5*a. Suppose 0 = -7*i + 10*i - 3. Let d be 7*1 - 4/i. Suppose -r - 20 = 5*w, -d*w - 5*r = -5*w - 35. Give z(w).
0
Suppose -9*c = -13*c + 8. Let t(o) = -o - 222 + 3*o**c - 4*o**2 + 224 - o. Let u = -4 + 0. Give t(u).
-6
Let t(b) be the first derivative of -9/2*b**2 - 6*b - 14 - 1/3*b**3. Give t(-8).
2
Let z(o) = 6*o + 6. Suppose 30*i = 23*i - 14. Give z(i).
-6
Let s be (-24)/(-36) + 24/(-9). Let q(w) = 2*w - 3. Give q(s).
-7
Let y(l) be the first derivative of -l**4/4 + 13*l**3/3 + l**2/2 - 13*l + 2. Let k be y(13). Let b(r) = k*r + 11*r + 4 - 7*r - 5*r. Calculate b(-3).
7
Suppose 0 = -b + 27 + 15. Let g = -14 + b. Let u(p) = -g*p + 10*p + 3 + 13*p - 6*p**2 - p**3. Give u(-4).
-9
Let d = -98 + 95. Let f(u) = -2*u**2 - 3*u - 4. Determine f(d).
-13
Let x(y) = -2*y**3 + y**2 + y. Let g be x(-2). Let s be (-15 + 10)/((-15)/g). Let n(d) = d**3 - 8*d**2 + 9*d - 8. What is n(s)?
-26
Let f be (-2)/6*(-19 + 7). Suppose -3*j = -b - 15, 3*j + f - 19 = -3*b. Let w(s) = -s**2 + 4*s + 2 + b*s - 3*s. Calculate w(2).
0
Let l(q) = 4*q - 3. Suppose 0 = -12*x + 86 - 62. What is l(x)?
5
Let y(z) = z**3 - z**2 + z + 2. Suppose 10 = 3*m - 2. Let n be 0 - (0 - (4 - m)). What is y(n)?
2
Let y(r) = -r**2 + 5 + 1182*r - 3 - 1185*r. What is y(-4)?
-2
Suppose 1 = -d - 3. Let y be ((-3)/d)/(25/(-200)). Let k(z) = 3*z - 2*z + 3*z - 5*z. Calculate k(y).
6
Let y be (-4 - -10)*(0 + -1). Let x(m) = -4 - 5 + 9*m - 21*m + 9*m. What is x(y)?
9
Suppose -5*r + 15 = -u, 3*r + 2*u + 0*u = 9. Let g(t) = -t**2 - 9*t - 3. Let a(d) = 2*d**2 + 10*d + 2. Let z(p) = r*g(p) + 2*a(p). Calculate z(6).
-11
Suppose -3*t = 4*f - 6, -4*t - 4*f = -f - 15. Suppose 2*u = -5*h + 18, 8*h - 9*h + 2*u = -t. Let x(w) = w**3 - 6*w**2 + 5*w - 5. Determine x(h).
-17
Suppose -w + 4*b + 22 = 0, 4*w + b - 6 = -3. Let i(o) = 6*o**2 - 5*o + o**3 - 1 + 0*o**2 - 2 - 2*o**w. Give i(-5).
-3
Let i(r) = -r + 7. Let c(x) be the first derivative of 5/2*x**2 - 29*x - 2. Let k(j) = -2*c(j) - 9*i(j). Determine k(-7).
2
Let d(k) = -3*k**2 - 2*k - 4. Let u(r) = r**2 + 1. Let f(y) = d(y) + 2*u(y). Suppose 2*t + 9 = 17. Suppose 4*p + 24 = -h, -t*h - p - 11 = 10. Determine f(h).
-10
Let w(j) = -j**3 - 2*j**2 - 7*j - 3. Let l(q) = -q**3 - 8*q**2 + 2*q + 13. Let s be l(-8). Calculate w(s).
27
Let w(b) = b**3 - 4*b**2 - 2*b + 6. Let r(y) = 6*y + 4 - 2*y**3 - 8*y**2 - y**2 + 0*y**3 - y. Let z be r(-5). Give w(z).
-2
Let r(z) = -z + 10. Let j be r(7). Let s(f) = f - j*f + 6*f. Calculate s(1).
4
Let z(f) = 0*f**2 + f + 18 + 14 - f**2 + f**3 - 27. Calculate z(0).
5
Let u(f) = -2*f**3 + 2*f**2 + f + 2. Suppose 13*l + 3 = 14*l. Let z be 14/10 + l/5. Determine u(z).
-4
Let s(n) = 2*n**2 + 6*n + 3. Suppose -79*p = -83*p - 16. Determine s(p).
11
Let p = 11 - -89. Let d be (-32)/(-12)*(-12)/(-16). Let i(z) = -107 - 5*z + d*z + p. Calculate i(-5).
8
Let l(p) be the third derivative of p**6/120 - p**5/15 - p**4/3 + p**3/2 + p**2. Let z(g) = -g**2 - 26*g - 43. Let c be z(-2). What is l(c)?
-12
Let j = -18 + 20. Suppose -8 = -4*k, 4*s - j = 5*k - 4*k. Let h(d) = -10*d**3 - 2*d - 1 + s + 1 + 2*d**2. Determine h(1).
-9
Let l(g) = g + 14. Let h(f) = 13*f - 45. Let r be h(4). Determine l(r).
21
Let p(l) = -l**2 - 2*l + 18. Suppose 20 = 4*b - 4*u, -15 - 8 = -5*b + 3*u. What is p(b)?
-6
Let v(g) = 11*g + 141. Let f(c) = 7*c + 97. Let x(w) = 7*f(w) - 5*v(w). What is x(-5)?
4
Suppose t - j = 24, 5*t = 3*j + 110 + 4. Let b(a) = 16 - t + 7 + a. Suppose 2*o + 15 = 1. Determine b(o).
-5
Let p(d) = -3*d. Let o(r) = 4*r + 1. Let y(t) = -4*o(t) - 5*p(t). Determine y(-4).
0
Suppose 16 = -2*a - 2*m, 5*m + 8 + 7 = 0. Let d(g) be the second derivative of -g**3/3 - 7*g**2/2 - 2*g. Determine d(a).
3
Let u(j) be the third derivative of -j**5/60 + 7*j**4/24 - j**3/6 + 6*j**2 + 1. Calculate u(7).
-1
Let l(h) be the first derivative of -h**6/120 + h**4/24 - 4*h**3/3 + 3*h**2/2 + 23. Let a(w) be the third derivative of l(w). What is a(-2)?
-11
Let l(k) = k - 5*k**3 + 1 + k - k + 2*k - 4*k. What is l(1)?
-5
Let y(x) = -2*x**2 - 1 + 0*x**2 + 0 - 21*x**3 + 2. Let p be y(-1). Suppose -4*l + 4*u = -p, 3*l - 3 - 10 = u. Let b(r) = r**2 - 3*r. Calculate b(l).
4
Let w be (24/(-9))/(1/(-3)). Suppose -27 = 3*y - y - 5*p, -2*p = 2*y - w. Let f(k) = -3 + 2*k**2 + 3053*k + 2 + 2 - 3052*k. Give f(y).
2
Let l = 1 + 1. Let k(x) = -x**2 + 1. Let b(s) = s**3 - 2*s**2 + 1. Let o(w) = -2*b(w) + k(w). What is o(l)?
-5
Suppose -5*i = -l - 10, 2*l = -3*i - i + 8. Let c be 2 + -1 + 0 + i. Let w(h) = -3*h**3 - 1 + 2*h**2 - 2*h**c + 4*h**3. Give w(2).
-1
Let w(k) = -2*k - 7. Suppose t - 2*t - 11 = -c, c = 2*t + 12. Suppose 2*v - c = -3*v. Suppose -b - v = 4. Determine w(b).
5
Let r = -13 + 21. Suppose -10*o = -6*o - r. Let l(i) = -2*i**2 - 3*i + i**3 + 5*i**o + 3*i**2 + 4*i. Give l(-6).
-6
Suppose 0 = -5*g + 4*d - 15, -5*d + 10*d - 22 = 3*g. Let o(y) = 10*y**3 + 2*y**2 - 1. Calculate o(g).
11
Let m be 3*((-5)/15)/(0 - -1). Let u be -3 - ((-2)/(-6))/(m/(-9)). Let b(n) = -n**2 - 4*n + 4. Calculate b(u).
-8
Suppose 3*s - 3*z - 69 = 0, -3*s = 3*z - 95 + 20. Let y = s - 24. Let r(b) = -b + 12. What is r(y)?
12
Let k(b) = -b**3 + 6*b**2 + 3*b - 8. Let y = -30 + 77. Let s = 53 - y. Determine k(s).
10
Let b(m) = -36*m**2 - 14*m + 1. Let k(i) = 72*i**2 + 24*i - 2. Let t(n) = 5*b(n) + 3*k(n). What is t(1)?
37
Suppose 5*o = o + 144. Let c be o/16*(-4)/(-3). Let m(h) = -2 - 4*h**2 + 6 - c + h**3 + 2*h. Calculate m(2).
-3
Let n(y) be the first derivative of y**3/6 + 9*y**2/2 + 17*y + 24. Let c(u) be the first derivative of n(u). Calculate c(-5).
4
Suppose -25*g + 70 = 120. Let h(i) = i**2 + i + 2. What is h(g)?
4
Let z(k) = k**3 + 7*k**2 + 7*k. Suppose 0*p + 29 = w + p, -w = -3*p - 49. Suppose 6*s - s = 20. Suppose 5*f + 25 = -6*m + m, -5*m - w = -s*f. Determine z(m).
-6
Suppose 2*x - 5 = -2*f + 11, 4*x - 5*f - 5 = 0. Let i(t) = -t**2 + 4*t + 1. Calculate i(x).
-4
Let l = 40 + -49. Let t(f) = -f - 7. Calculate t(l).
2
Let q be 18*(-2)/24*-4. Let a(z) = -7*z - z**3 + 2*z**2 + 8*z**2 + 7 - 3*z**2. Determine a(q).
1
Let q = -657 + 657. Let w(b) be the first derivative of -b**4/4 - b**3/3 - b**2/2 + 9*b + 1. Give w(q).
9
Let w(m) = m**3 + 18*m**2 - 19*m - 1. Let i = -820 + 801. What is w(i)?
-1
Let y(t) be the second derivative of -t**5/20 - 5*t**4/12 + t**3/3 + 5*t**2/2 - 10*t + 9. Let o(q) = -2*q + 5. Let b be o(5). Determine y(b).
-5
Let z(w) = 3*w - 1. Let g(p) = -p**2 + 16*p - 41. Let u be g(13). What is z(u)?
-7
Let o(v) = v**2 + v + 2. Let l(c) be the second derivative of -5*c**3/6 - 9*c**2 - 9*c. Let s be l(-4). Determine o(s).
8
Let v(o) = 10*o**2 - 43*o + 5. Let j(z) = -7*z**2 + 29*z - 4. Let g(w) = -7*j(w) - 5*v(w). Determine g(12).
3
Let v(s) be the first derivat